{"id":205,"date":"2020-06-17T15:14:57","date_gmt":"2020-06-17T15:14:57","guid":{"rendered":"http:\/\/solutionpack-copy.comtime.com\/?page_id=205"},"modified":"2020-11-16T16:20:04","modified_gmt":"2020-11-16T21:20:04","slug":"erhardtleimer","status":"publish","type":"page","link":"https:\/\/www.ccendustriyel.com\/tr\/partner-companies\/erhardtleimer\/","title":{"rendered":"Erhardt+Leimer"},"content":{"rendered":"<p class=\"has-text-align-center has-medium-font-size\"><a href=\"https:\/\/www.erhardt-leimer.com\/\" target=\"_blank\" rel=\"noreferrer noopener\">www.erhardt-leimer.com<\/a><\/p>\n\n\n\n<div class=\"wp-block-image\"><figure class=\"alignright size-large is-resized\"><img loading=\"lazy\" decoding=\"async\" src=\"https:\/\/www.ccendustriyel.com\/wp-content\/uploads\/2020\/06\/fabric-calendar-line-1024x288.jpg\" alt=\"\" class=\"wp-image-243\" width=\"768\" height=\"216\" srcset=\"https:\/\/www.ccendustriyel.com\/wp-content\/uploads\/2020\/06\/fabric-calendar-line-1024x288.jpg 1024w, https:\/\/www.ccendustriyel.com\/wp-content\/uploads\/2020\/06\/fabric-calendar-line-300x84.jpg 300w, https:\/\/www.ccendustriyel.com\/wp-content\/uploads\/2020\/06\/fabric-calendar-line-768x216.jpg 768w, https:\/\/www.ccendustriyel.com\/wp-content\/uploads\/2020\/06\/fabric-calendar-line.jpg 1100w\" sizes=\"auto, (max-width: 768px) 100vw, 768px\" \/><\/figure><\/div>\n\n\n\n<p class=\"has-medium-font-size\">Erhardt + Leimer, merkezi Almanya, Augsburg'da bulunan Uluslararas\u0131 Organize olmu\u015f, \u00f6zel sekt\u00f6re ait bir \u015firketler grubudur. 1919'da kuruldu ve 2019'da d\u00fcnya \u00e7ap\u0131nda 1.600'den fazla ki\u015fiyi istihdam etti. 2019'da 175 milyon Euro ciro elde ettiler.<\/p>\n\n\n\n<p class=\"has-medium-font-size\">Ana i\u015fimiz, \u00e7e\u015fitli sekt\u00f6rlerde farkl\u0131 entegrasyon seviyeleriyle sunabilece\u011fimiz hareketli a\u011flarda otomasyon teknolojisidir. Ba\u011fl\u0131 kurulu\u015flar\u0131m\u0131z ve ilave olarak sanayi temsilcilerimiz, bizim en \u00f6nemli sanayi \u00fclkelerinde temsil edildi\u011fimiz anlam\u0131na gelir.<\/p>\n\n\n\n<ul class=\"wp-block-list\"><li>Kordbezi Kalender Hatt\u0131<\/li><li>Yanak \u00c7ekme Ekstruder Hatt\u0131<\/li><li>\u00c7elik Ku\u015fak\/G\u00f6vde Kat\u0131 Kesme hatt\u0131<\/li><li>Tekstil Katbezi Kesme hatt\u0131<\/li><li>\u00c7elik Katbezi Kalender Hatt\u0131<\/li><li>Lastik Kordbezi Terbiye Hatt\u0131<\/li><\/ul>","protected":false},"excerpt":{"rendered":"<p>www.erhardt-leimer.com Erhardt+Leimer is an internationally oriented, privately owned group of companies with its head office in Augsburg, Germany. It was founded in 1919 and, in 2019, employed more than 1.600 people around the world. In 2019&nbsp;they generated a turnover of 175 million Euros. Our core business is automation technology on moving webs, which we can<\/p>\n<p><a href=\"https:\/\/www.ccendustriyel.com\/tr\/partner-companies\/erhardtleimer\/\" class=\"more-link themebutton\">Read More<\/a><\/p>","protected":false},"author":1,"featured_media":0,"parent":57,"menu_order":0,"comment_status":"closed","ping_status":"closed","template":"","meta":{"footnotes":""},"class_list":["post-205","page","type-page","status-publish","hentry"],"_links":{"self":[{"href":"https:\/\/www.ccendustriyel.com\/tr\/wp-json\/wp\/v2\/pages\/205","targetHints":{"allow":["GET"]}}],"collection":[{"href":"https:\/\/www.ccendustriyel.com\/tr\/wp-json\/wp\/v2\/pages"}],"about":[{"href":"https:\/\/www.ccendustriyel.com\/tr\/wp-json\/wp\/v2\/types\/page"}],"author":[{"embeddable":true,"href":"https:\/\/www.ccendustriyel.com\/tr\/wp-json\/wp\/v2\/users\/1"}],"replies":[{"embeddable":true,"href":"https:\/\/www.ccendustriyel.com\/tr\/wp-json\/wp\/v2\/comments?post=205"}],"version-history":[{"count":4,"href":"https:\/\/www.ccendustriyel.com\/tr\/wp-json\/wp\/v2\/pages\/205\/revisions"}],"predecessor-version":[{"id":391,"href":"https:\/\/www.ccendustriyel.com\/tr\/wp-json\/wp\/v2\/pages\/205\/revisions\/391"}],"up":[{"embeddable":true,"href":"https:\/\/www.ccendustriyel.com\/tr\/wp-json\/wp\/v2\/pages\/57"}],"wp:attachment":[{"href":"https:\/\/www.ccendustriyel.com\/tr\/wp-json\/wp\/v2\/media?parent=205"}],"curies":[{"name":"wp","href":"https:\/\/api.w.org\/{rel}","templated":true}]}}

<p class="has-text-align-center has-medium-font-size"><a href="https://www.erhardt-leimer.com/" target="_blank" rel="noreferrer noopener">www.erhardt-leimer.com</a></p>



<div class="wp-block-image"><figure class="alignright size-large is-resized"><img loading="lazy" decoding="async" src="https://www.ccendustriyel.com/wp-content/uploads/2020/06/fabric-calendar-line-1024x288.jpg" alt="" class="wp-image-243" width="768" height="216" srcset="https://www.ccendustriyel.com/wp-content/uploads/2020/06/fabric-calendar-line-1024x288.jpg 1024w, https://www.ccendustriyel.com/wp-content/uploads/2020/06/fabric-calendar-line-300x84.jpg 300w, https://www.ccendustriyel.com/wp-content/uploads/2020/06/fabric-calendar-line-768x216.jpg 768w, https://www.ccendustriyel.com/wp-content/uploads/2020/06/fabric-calendar-line.jpg 1100w" sizes="auto, (max-width: 768px) 100vw, 768px" /></figure></div>



<p class="has-medium-font-size">Erhardt + Leimer, merkezi Almanya, Augsburg'da bulunan Uluslararası Organize olmuş, özel sektöre ait bir şirketler grubudur. 1919'da kuruldu ve 2019'da dünya çapında 1.600'den fazla kişiyi istihdam etti. 2019'da 175 milyon Euro ciro elde ettiler.</p>



<p class="has-medium-font-size">Ana işimiz, çeşitli sektörlerde farklı entegrasyon seviyeleriyle sunabileceğimiz hareketli ağlarda otomasyon teknolojisidir. Bağlı kuruluşlarımız ve ilave olarak sanayi temsilcilerimiz, bizim en önemli sanayi ülkelerinde temsil edildiğimiz anlamına gelir.</p>



<ul class="wp-block-list"><li>Kordbezi Kalender Hattı</li><li>Yanak Çekme Ekstruder Hattı</li><li>Çelik Kuşak/Gövde Katı Kesme hattı</li><li>Tekstil Katbezi Kesme hattı</li><li>Çelik Katbezi Kalender Hattı</li><li>Lastik Kordbezi Terbiye Hattı</li></ul>
